at is the remainder when 103 is divided by 0 - 1 - (7 + o)/(-11)?
13
Let m(x) be the first derivative of -14*x - 5/2*x**2 - 39. What is the remainder when m(-8) is divided by 17?
9
Let o(j) = -j**2 - 9*j + 52. Let g be o(-12). Suppose g*u = -9*u + 5600. What is the remainder when u is divided by 64?
32
Let s(i) = 6*i - 1. Suppose 5*t - 2*d = 340, 4*t - d = -47 + 319. Suppose 24 - t = -11*k. Calculate the remainder when s(2) is divided by k.
3
Let d(a) = 376*a - 274. Calculate the remainder when d(14) is divided by 16.
14
Let h be 7 + (-7 - -8)*-5. Suppose -h*l + 559 = 293. Calculate the remainder when l is divided by 37.
22
Suppose 7*t = 6*t + 5. Suppose -t*m = 26 - 121. Suppose 2*f - f - 75 = 0. What is the remainder when f is divided by m?
18
Suppose -2*o - 37 - 36 = -n, -3*n - 4*o = -169. Let d be (n/27)/((-1)/27). Calculate the remainder when 18 is divided by (-8)/6*d/12.
4
Suppose 26 = 15*z - 17*z. Let c = z + 35. What is the remainder when 37 is divided by 5/(-5) + 1*c?
16
Suppose 24905 - 19969 = 2*s. Calculate the remainder when s is divided by 24.
20
Suppose 0 = -k + 4*v - 7*v + 34, -2*k + 78 = -4*v. Let n = k - 24. Calculate the remainder when 101 is divided by n.
10
Let s = -39 - -71. Suppose -2*b - 4*b + 48 = 0. What is the remainder when (2/b)/((-11)/(-2684)) is divided by s?
29
Suppose -9546 = -64*k - 2973 + 6483. What is the remainder when k is divided by 4?
0
Suppose 7*d = -6*d + 8*d + 970. Calculate the remainder when d is divided by 43.
22
Let p(u) = 65*u - 14. Calculate the remainder when p(8) is divided by (-26 - -16)*153/(-45).
30
Calculate the remainder when 3*2 + (-595452)/(-156) is divided by 25.
23
Calculate the remainder when (-11081)/(-35) + (9/(-15))/1 is divided by 19.
12
Suppose 0 = -5*n - 1 + 6. Let q(m) be the second derivative of 19*m**3/6 + 3*m**2/2 + 5*m. Calculate the remainder when 109 is divided by q(n).
21
Let n(i) = i**2 - i + 18. Let z be n(-14). Let f = 404 - z. What is the remainder when (f/(-24))/(4/(-54)) is divided by 20?
19
Let t = -1479 - -1533. Let y = -44 - -102. Let a = y - t. What is the remainder when 7 is divided by a?
3
Suppose 3*n + 2*n + 75 = 0. Suppose -1579 = -14*m + 381. Let k = m + n. Calculate the remainder when k is divided by 42.
41
Suppose 5*b = 5*r - 30, 2*b + 2 = -5*r + 32. Calculate the remainder when (-6)/(-4)*1120/(-120)*9/(-6) is divided by r.
3
Let d(m) = 51*m**2 + 92*m + 21. Calculate the remainder when 4482 is divided by d(-3).
198
Suppose 4*r - 3*s - 651 = 0, -11*r + 8*r + 432 = 4*s. Suppose -6 = -v + 2. What is the remainder when r is divided by v?
4
Suppose -2*k + 10 = -5*f, 4*f = 5*f - k - 1. Let b(v) = -2*v + 30. Calculate the remainder when b(f) is divided by 21.
17
Let k = -2562 + 2583. Calculate the remainder when 2348 is divided by k.
17
Let n = -20 - -22. Let c = -181 - -181. Calculate the remainder when 126 is divided by c - -1*86/n.
40
Calculate the remainder when 210/168 + 2044/16 is divided by 17.
10
Suppose 3408 = -6264*t + 6280*t. What is the remainder when 463 is divided by t?
37
Let i(h) = -3*h**2 - 205*h - 656. Calculate the remainder when i(-58) is divided by 11.
9
What is the remainder when 151 is divided by 55/19 - (-33)/((-10032)/(-32))?
1
Let l be (6/4 - 1) + (-22)/(-4). Let m(n) = -2*n**2 + 17*n + 7. Suppose f = 4 + 10. Calculate the remainder when m(l) is divided by f.
9
Let j = -2 + 18. Let u = j - -3. Let i(h) = -6*h**3 + 12*h**2 + 43*h + 32. Calculate the remainder when u is divided by i(-1).
5
Let z(x) be the third derivative of -x**4/6 + 13*x**3/3 + 30*x**2. Suppose -5*b + 124 = -56. Calculate the remainder when z(-20) is divided by b.
34
Suppose -5*v - 2824 = -3*w, 23*v + 4*w - 1124 = 25*v. Let x = v + 697. Calculate the remainder when x is divided by 24.
11
Let m = -310 - -311. What is the remainder when 97 is divided by m?
0
Let n(w) = 3*w**2 + 26*w + 147. What is the remainder when 334 is divided by n(-6)?
37
Suppose -4*x + 77*o - 76*o + 959 = 0, 4*x - 3*o = 949. Let p = x + -226. Let g = 16 + 13. Calculate the remainder when g is divided by p.
14
Suppose -5*y = -38*c + 36*c + 22, -3*c + 2*y = -22. Calculate the remainder when 41 is divided by c.
5
Let b = -39 - -69. Let x(p) = 3*p**2 - 9*p - 2. Let c be x(4). Calculate the remainder when 43 is divided by (-26)/c*b/(-12)*2.
4
Suppose 2*y + y + 3*i = 315, y + 5*i - 93 = 0. Let p = y + -57. What is the remainder when p is divided by 4/16 - (-153)/24*2?
12
Let k = 2288 + -2268. What is the remainder when 242 is divided by k?
2
Let x = -26 - 123. Let s = -113 - x. What is the remainder when s is divided by 15?
6
Suppose -p + 2*o = 4, -5*p + 5 + 2 = -o. Suppose 180 = -4*d - p*d. Let j = -21 - d. What is the remainder when j is divided by 2?
1
Let d(u) = 2*u**2 + 15*u - 9. Calculate the remainder when d(5) is divided by 109.
7
Let j(s) = -s**3 - 16*s**2 + 35*s + 16. Calculate the remainder when 3261 is divided by j(-18).
31
Let i(t) = -t - 23. Suppose 5*u + 19 = -k, 1 = -u - 0. Let g = k - -20. Calculate the remainder when i(-34) is divided by g.
5
Calculate the remainder when (-8)/(-72)*45 - -3324 is divided by 303.
299
Let m = -979 - -1017. Calculate the remainder when 818 is divided by m.
20
Suppose -662 = -75*w + 613. What is the remainder when 340 is divided by w?
0
Let g = 27483 - 27396. What is the remainder when g is divided by 45?
42
Let b(r) = -91*r + 2088. What is the remainder when 545 is divided by b(20)?
9
Suppose -4*t + 2318 = s, 5*s = 4*t + s - 2328. Let v = t + -469. What is the remainder when v is divided by 16?
15
Let q = -1452 + 1482. Let b(u) = 17*u + 120. Calculate the remainder when b(7) is divided by q.
29
Let n be 0 - ((-1)/(-2)*-4 - 1). Suppose 4*h = -x + 50, 166 = n*x - 5*h + h. What is the remainder when x is divided by 16?
6
What is the remainder when 20846/84 - (-2 - 91/(-42)) is divided by 86?
76
Suppose -3*o + 398 = 2*q, -96*q = -93*q + 2*o - 597. What is the remainder when 383 is divided by q?
184
Suppose -252 = 3*h + 11*h. What is the remainder when h/36 + (-213)/(-6) is divided by 2?
1
Let j be ((-5)/(-10))/((-1)/(-8)). Suppose 4*k = -j*o + 88, 5*o + 4*k - 101 = 2*k. What is the remainder when (1/5)/(10/3650) is divided by o?
16
Let w(d) = 2*d**3 + d**2 + 2*d + 3. Let c(p) = 553*p - 1639. Calculate the remainder when w(4) is divided by c(3).
15
Let t(c) = c**3 - 12*c**2 + 2. Let j be t(12). Suppose -j*y + 2 = -o - 3, -5*o - 5*y = -5. Calculate the remainder when o/(-6) + (-1078)/(-84) is divided by 5.
3
Suppose 309*g + 84 = 817 + 503. What is the remainder when 9421 is divided by g?
1
Let z = -7083 + 7100. Let l = -10 + 33. Suppose 0 = -2*g + 81 - l. Calculate the remainder when g is divided by z.
12
Let u(r) = r**3 - 28*r**2 - 201*r - 59. Let h = 223 + -189. Calculate the remainder when u(h) is divided by 17.
9
Suppose -y + 3*z = -62, 4*y - 3*z - 228 - 11 = 0. Let a = y + -40. Calculate the remainder when 73 is divided by a.
16
Let w = -1215 + 1563. Calculate the remainder when w is divided by 108.
24
Let h(n) = -13*n + 1320. What is the remainder when 836 is divided by h(97)?
10
Let p = -31 - -51. Suppose -5*r = 6*r - 1353. Let g = r - 65. Calculate the remainder when g is divided by p.
18
Suppose -4*g = -2*f + 2022, -3*f + 2*f + g + 1011 = 0. What is the remainder when f is divided by 46?
45
Let v(d) = -d**3 + 19*d**2 + 48*d - 28. Let n(o) = -o**2 + 5*o + 75. Calculate the remainder when v(21) is divided by n(-6).
8
Suppose -5*p = -3*v + 5, -9*v + 10*v + p + 1 = 0. Suppose 3*u = 5*f - 108, v*u - 5*u = -3*f + 52. Calculate the remainder when 28 is divided by f.
4
Suppose -136*g = -131*g - 305. Calculate the remainder when 374 is divided by g.
8
Let s = 329 - 325. Let k(g) = -46*g + 201. Calculate the remainder when 576 is divided by k(s).
15
Let m(g) = -6*g + 3. Suppose -19*j - 2052 = -73*j. Suppose j*f = 91 + 175. Calculate the remainder when m(-4) is divided by f.
6
Let q be -5 + (-5)/15*-9 - 160. Let s = q - -181. Let p(f) = 3*f**2 - f. What is the remainder when s is divided by p(2)?
9
Suppose 42 = -u - 4*i + 2*i, 0 = -2*u - i - 93. Let v = u - -92. Calculate the remainder when 351 is divided by v.
43
Let a(h) = -161*h - 54. Let m be a(-16). Suppose d + m = 14*d. Calculate the remainder when d is divided by 25.
19
Let z = -2676 + 4280. Calculate th